{"id":431,"date":"2024-11-18T20:08:11","date_gmt":"2024-11-18T19:08:11","guid":{"rendered":"https:\/\/ezc-france.com\/shop\/produit\/mug-brillant-yujiro-edition\/"},"modified":"2024-11-18T20:12:23","modified_gmt":"2024-11-18T19:12:23","slug":"mug-brillant-yujiro-edition","status":"publish","type":"product","link":"https:\/\/ezc-france.com\/shop\/produit\/mug-brillant-yujiro-edition\/","title":{"rendered":"Mug brillant Yujiro Chick Check Scam \u00e9dition"},"content":{"rendered":"<p>Quand tu n&rsquo;as besoin de personne pour prendre les mauvaises d\u00e9cision et que t&rsquo;aimes bien en faire profiter les autres, ce mug te rappellera que parfois il vaut mieux rester couch\u00e9.<\/p>\n<p>En tous cas ton caf\u00e9 ou ton th\u00e9 ou ton lait ou ton eau chaude bref ce que tu veux seras \u00e0 sa place dans ce magnifique scamug.<\/p>\n<p>\u2022 C\u00e9ramique<br \/>\n\u2022 Fini brillant (pas comme son cr\u00e9ateur)<br \/>\n\u2022 Ne passe PAS au lave-vaisselle ou au micro-ondes<br \/>\n\u2022 Lavage \u00e0 la main uniquement<\/p>\n","protected":false},"excerpt":{"rendered":"<p>Quand tu n&rsquo;as besoin de personne pour prendre les mauvaises d\u00e9cision et que t&rsquo;aimes bien en faire profiter les autres, ce mug te rappellera que parfois il vaut mieux rester couch\u00e9. En tous cas ton caf\u00e9 ou ton th\u00e9 ou ton lait ou ton eau chaude bref ce que tu veux seras \u00e0 sa place [&hellip;]<\/p>\n","protected":false},"featured_media":432,"comment_status":"open","ping_status":"closed","template":"","meta":[],"product_cat":[20],"product_tag":[27],"class_list":{"0":"post-431","1":"product","2":"type-product","3":"status-publish","4":"has-post-thumbnail","6":"product_cat-mug","7":"product_tag-mug","9":"first","10":"instock","11":"taxable","12":"shipping-taxable","13":"purchasable","14":"product-type-simple"},"jetpack_sharing_enabled":true,"_links":{"self":[{"href":"https:\/\/ezc-france.com\/shop\/wp-json\/wp\/v2\/product\/431","targetHints":{"allow":["GET"]}}],"collection":[{"href":"https:\/\/ezc-france.com\/shop\/wp-json\/wp\/v2\/product"}],"about":[{"href":"https:\/\/ezc-france.com\/shop\/wp-json\/wp\/v2\/types\/product"}],"replies":[{"embeddable":true,"href":"https:\/\/ezc-france.com\/shop\/wp-json\/wp\/v2\/comments?post=431"}],"wp:featuredmedia":[{"embeddable":true,"href":"https:\/\/ezc-france.com\/shop\/wp-json\/wp\/v2\/media\/432"}],"wp:attachment":[{"href":"https:\/\/ezc-france.com\/shop\/wp-json\/wp\/v2\/media?parent=431"}],"wp:term":[{"taxonomy":"product_cat","embeddable":true,"href":"https:\/\/ezc-france.com\/shop\/wp-json\/wp\/v2\/product_cat?post=431"},{"taxonomy":"product_tag","embeddable":true,"href":"https:\/\/ezc-france.com\/shop\/wp-json\/wp\/v2\/product_tag?post=431"}],"curies":[{"name":"wp","href":"https:\/\/api.w.org\/{rel}","templated":true}]}}