{"id":75,"date":"2024-10-08T00:02:28","date_gmt":"2024-10-07T22:02:28","guid":{"rendered":"https:\/\/ezc-france.com\/shop\/?post_type=product&#038;p=75"},"modified":"2024-11-27T19:51:07","modified_gmt":"2024-11-27T18:51:07","slug":"introduction-a-lanalyse-technique","status":"publish","type":"product","link":"https:\/\/ezc-france.com\/shop\/produit\/introduction-a-lanalyse-technique\/","title":{"rendered":"Introduction \u00e0 l&rsquo;analyse technique [1]"},"content":{"rendered":"<p class=\"p1\">D\u00e9couvrez dans ce premier module offert ce que la formation compl\u00e8te va vous apporter et les diff\u00e9rents aspects que nous vous proposerons au fil des modules.<\/p>\n<p class=\"p1\">Il est essentiel de garder en t\u00eate que cette formation est con\u00e7ue \u201c\u00e0 la carte\u201d : vous pouvez vous former selon vos besoins et vos connaissances actuelles. Cependant, certains modules n\u00e9cessitent des bases acquises dans d\u2019autres. Ne sautez donc pas les \u00e9tapes afin de maximiser votre apprentissage et de progresser efficacement.<\/p>\n<p class=\"p1\">Dans ce module, vous aurez un aper\u00e7u des concepts cl\u00e9s de l\u2019analyse technique, des premiers outils indispensables et des bases qui vous permettront d\u2019approfondir vos comp\u00e9tences tout au long de la formation.<\/p>\n<p><span style=\"color: #ffffff;\"><em>Toutes les formations <strong>EZ<\/strong><span style=\"color: #ff9900;\"><strong>C<\/strong>\u00a0<\/span>sont <strong>faites \u00e0 la main<\/strong>, avec amour\u2764\ufe0f et par des humains (nous). L&rsquo;IA a pu \u00eatre utilis\u00e9e pour am\u00e9liorer certaines tournures de phrases mais en aucun cas pour cr\u00e9er ce produit.<\/em><\/span><\/p>\n","protected":false},"excerpt":{"rendered":"<p class=\"p1\">D\u00e9couvrez dans ce premier module offert ce que la formation compl\u00e8te va vous apporter et les diff\u00e9rents aspects que nous vous proposerons au fil des modules.<\/p>\n<p><strong>[e-book t\u00e9l\u00e9chargeable]<\/strong><\/p>\n<p><strong><a href=\"https:\/\/ezc-france.com\/shop\/495-2\/\" target=\"_blank\" rel=\"noopener\">Disclaimer<\/a><\/strong><\/p>\n","protected":false},"featured_media":79,"comment_status":"open","ping_status":"closed","template":"","meta":[],"product_cat":[16],"product_tag":[17],"class_list":{"0":"post-75","1":"product","2":"type-product","3":"status-publish","4":"has-post-thumbnail","6":"product_cat-formation","7":"product_tag-formation","9":"first","10":"instock","11":"featured","12":"downloadable","13":"virtual","14":"sold-individually","15":"purchasable","16":"product-type-simple"},"jetpack_sharing_enabled":true,"_links":{"self":[{"href":"https:\/\/ezc-france.com\/shop\/wp-json\/wp\/v2\/product\/75","targetHints":{"allow":["GET"]}}],"collection":[{"href":"https:\/\/ezc-france.com\/shop\/wp-json\/wp\/v2\/product"}],"about":[{"href":"https:\/\/ezc-france.com\/shop\/wp-json\/wp\/v2\/types\/product"}],"replies":[{"embeddable":true,"href":"https:\/\/ezc-france.com\/shop\/wp-json\/wp\/v2\/comments?post=75"}],"wp:featuredmedia":[{"embeddable":true,"href":"https:\/\/ezc-france.com\/shop\/wp-json\/wp\/v2\/media\/79"}],"wp:attachment":[{"href":"https:\/\/ezc-france.com\/shop\/wp-json\/wp\/v2\/media?parent=75"}],"wp:term":[{"taxonomy":"product_cat","embeddable":true,"href":"https:\/\/ezc-france.com\/shop\/wp-json\/wp\/v2\/product_cat?post=75"},{"taxonomy":"product_tag","embeddable":true,"href":"https:\/\/ezc-france.com\/shop\/wp-json\/wp\/v2\/product_tag?post=75"}],"curies":[{"name":"wp","href":"https:\/\/api.w.org\/{rel}","templated":true}]}}